o = j + 5*o - 38. What is the highest common factor of 21 and j?
21
Suppose -f = -0 - 1. Let n(g) = 12*g**3 + g. Let r be n(f). Let m = 67 - 28. Calculate the greatest common factor of m and r.
13
Let u(h) = -8*h. Let a(j) = 2*j + 14. Let s be a(-8). Let i be u(s). Calculate the greatest common divisor of 32 and i.
16
Suppose 17 = 4*f - 3. Suppose 4 - 12 = 2*p, f*p + 56 = 4*u. Calculate the greatest common factor of u and 81.
9
Let n = -14 + 16. What is the greatest common divisor of 4 and n?
2
Let v = 2 + 19. Calculate the highest common factor of v and 21.
21
Let r be (-2 + -1 + 1)*-2. Suppose -4*k + r = 16. Let d = k + 12. What is the highest common divisor of d and 6?
3
Let w be (15/6)/(2/124). Let u = w + -85. Calculate the highest common divisor of u and 14.
14
Suppose 11 - 3 = d. Let n(w) = 10*w. Let f be n(2). Calculate the highest common factor of f and d.
4
Suppose -3*y + 1702 = 5*l, -l - l - 2*y = -680. Calculate the greatest common factor of l and 31.
31
Suppose -r + 1576 = 5*t, -5*t - 3*r - 800 + 2378 = 0. Calculate the highest common factor of 35 and t.
35
Let b be (-1)/2 + (-354)/(-4). Suppose 0 = 3*j + 5*s - 19, -2*j - 3*s + 29 = 2*j. Calculate the highest common divisor of j and b.
8
Suppose -5*y = -7 + 2. Suppose 0 = 2*j + 3*x - 8 + 1, 2*j - 2*x = 2. Suppose -5*z = -j*l + 5*l + 10, z + 5 = 0. Calculate the highest common factor of y and l.
1
Suppose -3*y + 45 = -8*y. Let b be 26/6 - 6/y. Suppose 5*c - b = -0. Calculate the highest common divisor of c and 3.
1
Let n = 62 - 21. Calculate the highest common factor of 41 and n.
41
Let c = 15 + 40. Let u be ((-3)/(-1))/((-4)/(-4)). Let w be (u/(-6))/(1/(-22)). What is the highest common divisor of w and c?
11
Let n be (-1 - -5) + (-58 - -4). Let j = n - -95. Calculate the greatest common divisor of j and 5.
5
Let h = -25 + 35. Suppose 2*l + 3*f = 52 - h, -3*f - 39 = -l. Let w be 2*(-9)/6 - -12. Calculate the greatest common factor of w and l.
9
Suppose 4*c = 4*y + 128, 0*c - 2*y = 3*c - 76. Calculate the greatest common divisor of c and 28.
28
Let s(n) = 2*n + 1. Let a be s(2). Suppose 0 = 3*q + 3*y - 108, q = -3*q - a*y + 144. Calculate the highest common divisor of q and 12.
12
Let i(s) = s - 1. Let w(h) = -h. Let k(u) = -i(u) - 2*w(u). Let p be k(3). Calculate the highest common divisor of p and 4.
4
Let v(i) = i**2 - 7*i + 4. Let o be v(6). Let x be -2 + ((-6)/o - -2). Let s be (x/2)/((-1)/(-2)). What is the highest common factor of 21 and s?
3
Let f = 127 + -89. Suppose -163 - 8 = -3*s. What is the greatest common factor of s and f?
19
Let g = -3 - -2. Let h be 1 + g/(-1) + 12. Let x = h + -6. Calculate the highest common divisor of x and 32.
8
Let k(o) = 3*o + 3*o**3 - 6 - 2*o**2 - 4*o**3 + 9*o**2. Let f = -21 - -27. Let j be k(f). What is the highest common factor of j and 16?
16
Suppose 94 = -2*b + 5*b + 4*a, -3*a = 2*b - 62. Calculate the highest common factor of b and 17.
17
Suppose -4*z - h + 1 + 23 = 0, -h = -z + 6. Let p(i) = -3*i**2 + 4*i**2 - 6 - i + 2*i**2. Let v be p(z). Calculate the highest common factor of v and 12.
12
Let g(k) = k**3 - 5*k**2 + 2*k + 7. Let b be g(5). Calculate the greatest common factor of b and 187.
17
Let r = -332 + 360. Let w = 0 + 7. Calculate the greatest common divisor of r and w.
7
Suppose -5*w + 5*m + 10 = 0, w - 2*m - 2 = -6*m. What is the highest common divisor of w and 6?
2
Suppose -5*d = -86 - 244. Calculate the highest common factor of d and 6.
6
Let i be 118 + 1 - (0 - 2). Let f be 4/(-8)*(-19 - 3). What is the greatest common divisor of i and f?
11
Suppose 9*l = 4*l + 160. Calculate the greatest common factor of 8 and l.
8
Suppose -25 = -5*y, -y + 5*y = -5*i + 70. What is the greatest common divisor of 30 and i?
10
Let v(s) = 8*s - 4. Let a be v(5). Let x be -4 - (0 + -1*58). What is the greatest common divisor of x and a?
18
Let s be 62 + 1 - (-1 + 1). Let f(l) = -l - 11. Let h be f(0). Let o = h - -20. Calculate the highest common divisor of o and s.
9
Let n(p) = -p**2 - 10*p - 9. Let w be n(-8). Let t(y) = y**2 + 4*y + 7. Let k be t(-7). Suppose 84 = r + k. Calculate the highest common divisor of w and r.
7
Let p be (-26)/(-6) - (-8)/12. Suppose 45 = a - p. Suppose -5*t = -10*t + a. What is the highest common divisor of t and 4?
2
Suppose -3*q + 4*f + 246 = 2*q, 0 = 2*q - 3*f - 97. Let s = 2 - -3. What is the greatest common divisor of s and q?
5
Suppose 5*o = 10, -2*q - 4*o + 9 = -9. What is the highest common factor of q and 15?
5
Let x be ((-10)/15)/((-4)/18). Suppose 23 + 595 = 5*f - 3*k, -12 = -x*k. Suppose -f = -b - 2*b. Calculate the highest common divisor of b and 14.
14
Let x(t) = t**3 + 13*t**2 - 2*t - 4. Let c be x(-13). Calculate the greatest common factor of c and 55.
11
Suppose 3*q - 4 = -3*t + 11, 0 = -3*q + t + 15. Suppose 0 = -y + q - 34. Let d = -21 - y. Calculate the greatest common factor of d and 56.
8
Suppose 156 = -2*m - 4*f, 0*m = 3*m - 2*f + 226. Let j = m + 156. Let x = -23 + 33. What is the highest common factor of j and x?
10
Suppose 0 = 4*u - 5*d - 264 + 95, -u = 3*d - 38. Let c = -25 + u. What is the greatest common divisor of c and 8?
8
Suppose w - q = 2 - 0, -2*q = 2*w - 16. Let s(p) = 2*p**2 + p - 1. Let t be s(-2). What is the highest common divisor of w and t?
5
Suppose -5*v + 2*n + 23 = 0, -4*v - 2*n = -29 + 7. Calculate the highest common divisor of v and 1.
1
Let b(m) = 2*m**2 - 4*m - 4. Let o(j) = -j**3 + 4*j**2 + 2*j - 4. Let d be o(4). Let q be b(d). Calculate the highest common divisor of q and 12.
12
Suppose -4*a - 4*c = -48, -2*a = -a - 5*c. Let x(w) be the third derivative of 5*w**4/24 + 3*w**2. Let g be x(4). What is the highest common factor of g and a?
10
Suppose 0 = -3*l + 2*a + 83, -2*l + 6*l + 2*a = 92. Calculate the greatest common divisor of 25 and l.
25
Suppose 3*o - 8*o = -115. Calculate the highest common factor of 184 and o.
23
Suppose 10*b - 517 = 6*b + 3*k, -4*b - k + 521 = 0. Suppose 0*j + 52 = 2*j. Calculate the greatest common factor of b and j.
26
Suppose 1 = -9*u + 10*u. What is the highest common factor of 9 and u?
1
Let a(x) = -2*x**3 - 5*x**2 - 2*x - 4. Let k be a(-4). Let v = -25 + k. Calculate the highest common divisor of v and 9.
9
Let i = 1 + 3. Suppose -89 = -i*z - 5*a + 10, -5*z - 3*a + 114 = 0. Calculate the greatest common divisor of z and 14.
7
Let r(j) = j**3 + 2*j - 2 - 7*j**2 + 2 - 10. Let o be 84/(-18)*(-3)/2. Let f be r(o). Calculate the highest common divisor of f and 1.
1
Suppose -2*r + 3*r = 6. Suppose 12 = 5*f - 3*y, -7 = -f + 2*y - r*y. Let b = -10 - -25. What is the highest common divisor of f and b?
3
Let a = -157 - -337. Calculate the greatest common divisor of a and 30.
30
Let g(c) = -c - c**3 + 2 + 5*c + 4*c + 8*c**2 - 2*c. Let m be g(6). Suppose -12 = -2*f + 8. What is the highest common factor of m and f?
10
Suppose -9*f = -69 + 6. What is the highest common factor of f and 28?
7
Suppose 4*n - 2*n + 4*l = 0, -n + 6 = -4*l. Let p(q) = -q + 7. Let m be p(5). Calculate the greatest common divisor of m and n.
2
Let a(d) = -2*d + 14. Let b be a(5). Suppose 8*i - 28 = b*i. Calculate the highest common divisor of i and 63.
7
Let r be ((-12)/10)/(2/(-30)). Let q(d) = -d**3 + 21*d + 2. Let h be q(-7). What is the highest common factor of h and r?
18
Suppose -2*w = w + 36. Let i be (-2 - 0)/4*w. Suppose 3*g + 3 = 39. Calculate the greatest common factor of g and i.
6
Suppose 5*c + 3*a + a = -1, -5*c = -3*a - 27. What is the greatest common divisor of 33 and c?
3
Let z = -27 - -47. Calculate the greatest common factor of 30 and z.
10
Suppose -99 = -5*q - 39. Let v be q/(-10) - 3/(-15). Let m(k) = -53*k**3 + 2*k**2 - 1. Let u be m(v). What is the highest common divisor of u and 6?
6
Let a = -13 - -19. What is the highest common divisor of 30 and a?
6
Let n be 2 - (1 + -3 + 2). Let g be (4/(-6))/((-8)/12). Let z be -36*1/(-2)*g. Calculate the highest common divisor of n and z.
2
Let h(n) be the first derivative of 2*n**2 - 12*n + 4. Let c be h(8). Calculate the greatest common divisor of 220 and c.
20
Let v(y) = y**2 - 7*y + 8. Let x be v(8). Calculate the greatest common divisor of x and 80.
16
Suppose 4*r + r - 295 = 0. Let f = r - 42. Calculate the highest common divisor of f and 68.
17
Let g(y) = y**3 - 8*y**2 + 7*y + 1. Let l be g(7). 